{"id":28,"date":"2023-07-10T09:25:16","date_gmt":"2023-07-10T06:25:16","guid":{"rendered":"https:\/\/www.demir-servis.com\/?page_id=28"},"modified":"2024-12-20T11:40:04","modified_gmt":"2024-12-20T08:40:04","slug":"hizmetlerimiz","status":"publish","type":"page","link":"https:\/\/www.demir-servis.com\/?page_id=28","title":{"rendered":"Hizmetlerimiz"},"content":{"rendered":"<ul>\n<li><strong><a href=\"https:\/\/www.demir-servis.com\/?page_id=90\">Buzdolab\u0131 Makinesi Tamiri Onar\u0131m ve Bak\u0131m\u0131<\/a><\/strong><\/li>\n<li><strong><a href=\"https:\/\/www.demir-servis.com\/?page_id=96\">Bula\u015f\u0131k Makinesi Tamiri Onar\u0131m ve Bak\u0131m\u0131<\/a><\/strong><\/li>\n<li><a href=\"https:\/\/www.demir-servis.com\/?page_id=102\"><strong>\u00c7ama\u015f\u0131r Makinesi Tamiri Onar\u0131m ve Bak\u0131m\u0131<\/strong><\/a><\/li>\n<\/ul>\n<p>&nbsp;<\/p>\n<ul>\n<li><strong>Adresten Ar\u0131zal\u0131 \u00dcr\u00fcn Al\u0131m\u0131<\/strong><\/li>\n<li><strong>H\u0131zl\u0131 ve Kaliteli Hizmet<\/strong><\/li>\n<li><strong>Orijinal Yedek Par\u00e7a<\/strong><\/li>\n<li><strong>Bak\u0131m ve Onar\u0131m Hizmeti<\/strong><\/li>\n<li><strong>Sat\u0131\u015f Sonras\u0131 Destek<\/strong><\/li>\n<li><strong>Kart ve Elektronik Ar\u0131zalar<\/strong><\/li>\n<\/ul>\n","protected":false},"excerpt":{"rendered":"<p>Buzdolab\u0131 Makinesi Tamiri Onar\u0131m ve Bak\u0131m\u0131 Bula\u015f\u0131k Makinesi Tamiri Onar\u0131m ve Bak\u0131m\u0131 \u00c7ama\u015f\u0131r Makinesi Tamiri Onar\u0131m ve Bak\u0131m\u0131 &nbsp; Adresten Ar\u0131zal\u0131 \u00dcr\u00fcn Al\u0131m\u0131 H\u0131zl\u0131 ve Kaliteli Hizmet Orijinal Yedek Par\u00e7a Bak\u0131m ve Onar\u0131m Hizmeti Sat\u0131\u015f Sonras\u0131 Destek Kart ve Elektronik Ar\u0131zalar<\/p>\n","protected":false},"author":1,"featured_media":36,"parent":0,"menu_order":0,"comment_status":"closed","ping_status":"closed","template":"","meta":{"_monsterinsights_skip_tracking":false,"_monsterinsights_sitenote_active":false,"_monsterinsights_sitenote_note":"","_monsterinsights_sitenote_category":0},"aioseo_notices":[],"acf":[],"_links":{"self":[{"href":"https:\/\/www.demir-servis.com\/index.php?rest_route=\/wp\/v2\/pages\/28"}],"collection":[{"href":"https:\/\/www.demir-servis.com\/index.php?rest_route=\/wp\/v2\/pages"}],"about":[{"href":"https:\/\/www.demir-servis.com\/index.php?rest_route=\/wp\/v2\/types\/page"}],"author":[{"embeddable":true,"href":"https:\/\/www.demir-servis.com\/index.php?rest_route=\/wp\/v2\/users\/1"}],"replies":[{"embeddable":true,"href":"https:\/\/www.demir-servis.com\/index.php?rest_route=%2Fwp%2Fv2%2Fcomments&post=28"}],"version-history":[{"count":8,"href":"https:\/\/www.demir-servis.com\/index.php?rest_route=\/wp\/v2\/pages\/28\/revisions"}],"predecessor-version":[{"id":109,"href":"https:\/\/www.demir-servis.com\/index.php?rest_route=\/wp\/v2\/pages\/28\/revisions\/109"}],"wp:featuredmedia":[{"embeddable":true,"href":"https:\/\/www.demir-servis.com\/index.php?rest_route=\/wp\/v2\/media\/36"}],"wp:attachment":[{"href":"https:\/\/www.demir-servis.com\/index.php?rest_route=%2Fwp%2Fv2%2Fmedia&parent=28"}],"curies":[{"name":"wp","href":"https:\/\/api.w.org\/{rel}","templated":true}]}}